= 6*s + 4. Calculate a(r).
-14
Let v(q) = -35*q**2 - 7 - 1 + 24*q**2 - q - 2*q**3 + q**3. What is v(-11)?
3
Suppose 4*g + 1 + 8 = -5*c, g + 5*c + 6 = 0. Let k(q) = q**2 - q + 1. Let y(i) = -8*i**3 - 3*i**2 + 2*i - 2. Let j(h) = -2*k(h) - y(h). Calculate j(g).
-7
Suppose -2*u = -0*u + 5*i - 9, 0 = -u + 3*i + 10. Let w(j) = -2*j**3 + 14*j**3 - u - 4*j**3 - 9*j**3. Determine w(0).
-7
Suppose -7*w = -10*w + 15. Let f(k) = -6*k + 2 + 4*k**2 - 4*k**2 - k**2 + w*k. Determine f(-5).
-18
Let k(u) = -11*u + 4 + 17*u + 42. Let a be k(-8). Let q(y) = -3*y + 1. Calculate q(a).
7
Suppose 9*f = 5*f - 4, -2*n + 7 = 5*f. Let z(p) = -3*p + 10. Determine z(n).
-8
Let u(f) = -2*f**2 - 14*f - 12. Let c(v) = -v**2 - 6*v - 7. Let b(r) = -7*c(r) + 3*u(r). Determine b(0).
13
Let p(g) = -2*g**3 - 24*g**2 - g - 23. Let n(r) = -r**3 - 13*r**2 - r - 12. Let c(k) = 5*n(k) - 3*p(k). Determine c(-7).
23
Let u = 9 + -5. Let r(h) = 0 + 1 - h**3 + 4*h + 7 - 2. Let a(t) = -2*t**3 - t**2 + 8*t + 13. Let m(n) = -3*a(n) + 7*r(n). Determine m(u).
3
Suppose -5*m = -13 + 3. Let f(i) = 4*i + 1 + 4*i**m - 3*i + 5. Let v(z) = 3*z**2 + z + 5. Let x(t) = 4*f(t) - 5*v(t). Give x(2).
1
Let u(f) = f**2 - f + 4. Let y(z) = 4*z**2 + 8*z + 3. Let s(o) = -3*u(o) + y(o). Calculate s(-10).
-19
Suppose -5*b + 3*l + 15 = 2*l, 16 = -2*b - 4*l. Let d(f) = 7*f - 2*f**2 - 4*f**b + 2*f**3 - 3*f**3 - 8 - f**2. What is d(-8)?
0
Let g(p) = p**2 + 7*p + 7. Let q be g(-6). Let k(i) = -q + 0 + 7 - 1 + i. What is k(4)?
9
Let r(o) = -5*o**3 - 4*o**2 - 5*o + 1. Let x be 1 - 4 - 1/1. Let z(a) = 6*a**3 + 3*a**2 + 6*a - 2. Let g(p) = x*z(p) - 5*r(p). Give g(-8).
-5
Let n(s) = s**3 + 7*s**2 + 6*s + 2. Let z = -14 - -10. Let g be (20/25)/(z/(-10)). Suppose -g*l + 4*l = -12. Calculate n(l).
2
Let w(n) be the third derivative of 0*n**3 + 1/60*n**5 + 5*n**2 + 0*n + 0 - 1/24*n**4. Let i(c) = 3*c**2 + c + 2. Let l(y) = i(y) - 4*w(y). Give l(5).
2
Let t(w) be the second derivative of -w**2 + 1/6*w**3 - 7*w + 0 + 1/24*w**4. Let a(n) be the first derivative of t(n). Calculate a(6).
7
Suppose 5*g - 38 = -2*t + 6*t, -3*t = -2*g + 25. Suppose 2*o - o = 10. Let y(f) = f**2 - 5*f + 6*f + o + 7*f. Determine y(t).
3
Let h be (-3 - (-12 - -7)) + (1 - 1). Let k be -6*((-60)/(-9))/(-4). Suppose h*z + 6 = -k. Let d(t) = -t**2 - 10*t - 11. What is d(z)?
5
Let t(f) be the third derivative of -f**6/120 - f**5/20 + f**4/8 + f**3 - 3*f**2 + 1. Suppose -2*y - 16 = 2*y. Give t(y).
10
Let w be ((5 - 5)/(1 + -2))/(-2). Let t(r) be the second derivative of 9*r + 1/6*r**4 - 1/6*r**3 + 0*r**2 + w. Determine t(-1).
3
Let w be 0 + (1/(-2))/((-3)/(-24)). Let c(m) = m**3 + 4*m**2 - 4*m - 6. Calculate c(w).
10
Let t(c) = -c + 3*c**2 - 1 - 4*c**3 + 3*c + 3*c**3. Let m = -603 - -606. Give t(m).
5
Let m(r) = 2 + 11*r - 6*r - r**3 - 14*r**3 + 4 + 5*r**2 + 16*r**3. Determine m(-6).
-60
Let n(u) = -u**2 - 2*u. Let d be (-8)/5*45/(-18). Suppose -d*r - 1 = 3. Calculate n(r).
1
Let h(p) = -p**2 - 26*p - 91. Let d be h(-22). Let c(b) = 2*b. What is c(d)?
-6
Suppose -21 = -3*q - 3. Let m be (1*3)/(9/q). Let x(d) = 23 - 17 + m*d - 9. Calculate x(5).
7
Let u = 3 - 1. Let d(l) = 3*l**u - l - 2*l**3 + 2 + 0*l**2 - 4 + l**3. Give d(2).
0
Suppose -2*d + 10 - 42 = -4*v, -v + d = -8. Let k(r) = -3 - 4 + v + 3*r - 14*r. Suppose 75*o - 77*o = 2. Calculate k(o).
12
Let w(u) = -u**3 + 2*u**2 + u. Let y(i) = -10*i**3 - 9*i**2 - 4*i. Let v(m) = -4*w(m) - y(m). Give v(-1).
-13
Let q(x) = -2*x**2 + 8 - 17 + 6 + 2*x. Give q(2).
-7
Suppose 0 = 7*t + 225 - 211. Let y(i) = 16*i**2 - 3*i - 3. Give y(t).
67
Let u(l) = l**3 + 12*l**2 - l + 1. Let t = 134 - 146. Determine u(t).
13
Let b(s) = 2*s - 12. Let r be 15/(-30)*(0 + -20). Determine b(r).
8
Suppose -7*o - 29 - 20 = 0. Let n = o + 12. Let g(d) = d**3 - 4*d**2 - 4*d - 7. Give g(n).
-2
Let p(c) = -19*c - 2. Let m(v) = -15*v - 1. Let g(z) = 5*m(z) - 4*p(z). What is g(-3)?
0
Suppose -4*b + 3*l + 12 = 0, -4*b - 3*l = -3*b - 3. Let m(d) = -14*d + 5*d**2 - d**b + 4*d + 7 + 13*d. Calculate m(6).
-11
Let m(x) = -3*x - 30. Let q be (-1*5)/((-4)/(9 + -17)). Let f be m(q). Let w(b) = -b - 12. What is w(f)?
-12
Suppose 4*x - 6*x = -72. Let g be (4/8)/((-3)/x). Let q = g - -7. Let m(i) = 4*i + 1. Give m(q).
5
Let s(t) be the first derivative of 1/6*t**3 - 6 - t**2 - 3*t. Let f(l) be the first derivative of s(l). Calculate f(5).
3
Let t(k) = k**3 - 5*k**2 - k + 7. Let f be (0 - -56)*(-7)/14. Let s = 68 + f. Suppose 4*m - s = -4*g, 3*g + 2*g = 25. Give t(m).
2
Let q(d) = 11*d + 66. Let b(p) = -4*p - 32. Let m(j) = -7*b(j) - 3*q(j). Determine m(6).
-4
Let n(x) be the first derivative of -1/8*x**4 - 5/3*x**3 + 0*x - 2 + 0*x**2 + 1/24*x**5. Let r(s) be the third derivative of n(s). Give r(2).
7
Let a(f) = f + 4. Let y be (-448)/140 - (-2)/10. What is a(y)?
1
Let b = -44 + 29. Let s = 14 + b. Let a(c) = 32*c**3 - 20*c - 20. Let p(o) = 11*o**3 - 7*o - 7. Let v(w) = -6*a(w) + 17*p(w). Determine v(s).
5
Suppose -3*k + k = 28. Let o be (-6)/27 + k/18. Let g(w) = 10*w**2 + w + 1. What is g(o)?
10
Let k = 20 - 18. Let d(r) = r**2 + 0*r**2 + 0*r**k + 1. What is d(-1)?
2
Let s(l) be the second derivative of 11*l**3/3 - 5*l**2 - 10*l. Let q be s(3). Let d(m) = -3*m + q + 8*m + m**2 - 58. Give d(-5).
-2
Let i be (2 + -3)/(2/38). Let s be 2 - (-13 - (-2)/(-2)). Let v = i + s. Let p(y) = -y**3 - 2*y**2 + 5*y + 3. Calculate p(v).
-3
Let l(r) = r**3 - 6*r**2 - 4*r. Suppose 13*w - 54 = 4*w. Calculate l(w).
-24
Suppose 67*n = 68*n - 16. Let b(m) = -m**2 + 15*m + 6. What is b(n)?
-10
Let n(h) = -3*h**2 + h + 2. Let v(o) = o**3 - 7*o**2 + 2*o + 4. Let j = 29 + -24. Let d(i) = j*n(i) - 2*v(i). Calculate d(2).
-16
Let h(g) = 5*g - 2. Let q(w) = -1 - 3 + 2 + 7 - 9*w. Let r(n) = -5*h(n) - 3*q(n). Determine r(5).
5
Let c(s) = -155*s - 5*s**2 + 147*s - 2*s**2 - 5*s**3 + 4*s**3 + 4. Calculate c(-6).
16
Suppose -y + 6*h = 4*h - 80, h = -5*y + 389. Let d(m) = 75*m - y*m - 4 + 2. Determine d(2).
-8
Let j(h) = -h**3 + 5*h**2 + 2*h + 3. Let g(s) = 3*s**3 - 16*s**2 - 7*s - 10. Let l(d) = -2*g(d) - 7*j(d). Give l(3).
-1
Let s(f) = -f**3 + f**2 + f + 2. Suppose 5*k + 4*p = 18, 4*p - 7 = -k + 3. Calculate s(k).
0
Let h(d) = d**3 - 3*d**2 - 2*d - 1. Suppose x - 2*r + 2 = 2*x, -4*r = -2*x + 20. Suppose 4*a - x*a = -8. Determine h(a).
7
Let m(y) be the second derivative of y**3/6 - 5*y**2/2 + 81*y + 3. Give m(-5).
-10
Suppose 5*s - 44 = -6*q, 2*s + 4 = -3*q + 6*s. Let d(i) = -i**3 + 3*i**2 + 3*i + 2. Give d(q).
-2
Let a(l) = 50*l - 351. Let t be a(7). Let m(j) = -3*j**2 + 5*j + 4. Calculate m(t).
-4
Let d(k) = k - 5. Let m(g) = 1. Let p(b) = -d(b) + 6*m(b). Calculate p(9).
2
Suppose u = 2*v, 0 = 3*u + v - 2*v. Let x be 0 - (6/(-4) - (-799)/(-34)). Let w(j) = 2 + 6*j - x*j + 8*j + 12*j. Give w(u).
2
Let h(m) = 2*m + 4. Let p(a) = -9*a - 26. Let t(c) = 14*h(c) + 2*p(c). What is t(-2)?
-16
Suppose 24*q - 26*q = -14. Let o(m) = -m + 3. Let r(i) = -2*i + 5. Let u(y) = q*o(y) - 5*r(y). What is u(4)?
8
Let t(a) be the first derivative of a**4/4 + 8*a**3/3 + 2*a**2 - 9*a - 4. What is t(-7)?
12
Let w(a) = 4*a + 8. Let q(p) be the second derivative of p**3/2 + 5*p**2/2 - 16*p. Let j(h) = -8*q(h) + 5*w(h). Calculate j(-1).
4
Let p(q) = -2*q + 5 + 5*q**2 - 2*q**3 - 6 - q**3 + 2*q**3. Let a be (1/2*2)/(-1). Let f be (4 - 6/(-3)) + a. Calculate p(f).
-11
Let f(n) = 5*n**2 - n**2 + n**3 + 0*n - 4 - 6*n. Let r(z) = -3*z**2 - 9*z + 7. Suppose 0*d - d = 5, -g = -3*d - 16. Let k be r(g). Calculate f(k).
1
Let b(d) = -13*d**2 + 3*d + 10. Let s(c) = -15*c**2 + 2*c + 10. Let z(o) = 7*b(o) - 6*s(o). Calculate z(9).
10
Suppose -2*n = -4*y - 40, -n - 20 = 3*y - 0*n. Let x = -7 - y. Let t(o) = 2*o - x - 2*o + 2*o - o. Calculate t(-3).
-4
Let y(l) be the first derivative of -2*l**2 + 10*l - 13. Calculate y(4).
-6
Let n(c) = -c + 4. Let u(y) = 17*y + 3. Let t be u(-2). Suppose 44 = -0*d - d - 4*x, -5*d = 5*x + 145. Let b = d - t. Calculate n(b).
-3
Suppose 0*a = a + 3, 4*r - 3*a = 17. Suppose -1 = -5*b + 14. Let p(s) = -s**r - 5*s**b + 2*s**2 + s**2 - 3*s**2. Give p(1).
-6
Let q(u) = u + 1. Let z be (4 - (-5)/(-1))/(1/(-1)). Let n be (-42)/9*z*9/6. Give q(n).
-6
Let j(z) = -z - 2. Suppose 3*h = 2*t + 5, 0 = h - t + 5*t - 25. Calculate j(h).
-7
Suppose -9 = 6*c - 9*c. Let q(s) = 8*s - 3 - c*s - 4*s**2 - 2*s. Det